git of d?
2
Suppose 0 = -3*x + 8*x - 4*m - 4355, 4*x - 3478 = 2*m. What is the tens digit of (x/(-6)*2)/(0 + -1)?
8
Suppose 2*i = -5*h + 57, -2*i + 5*h + 51 = -i. Suppose -i*v = -61*v + 3550. What is the units digit of v?
2
Let t(c) = -30*c - 530. Let s be t(-21). Let b = 39 + -99. Let z = b + s. What is the units digit of z?
0
Let r be (6/(-4))/((-11)/836). Let q = r - 108. What is the units digit of q/(-45) + (-192)/(-90)?
2
Let g(i) = 2*i - 20. Let u be g(11). Suppose -16 = u*l - 3*l. Let z = l + -4. What is the tens digit of z?
1
Let h(z) = 218*z - 12. Let g be h(2). Suppose -g - 173 = 3*j. Let l = -49 - j. What is the units digit of l?
0
Let p(a) = -59*a**3 - 11*a**2 - 17*a + 4. What is the ten thousands digit of p(-6)?
1
Let r(s) be the third derivative of 0*s + 10*s**2 + 0 - 5/6*s**4 + 7/6*s**3. What is the tens digit of r(-2)?
4
Let o = 2900 - 1410. What is the thousands digit of o?
1
Let x be ((-986)/6)/((-2)/6). Suppose -40 = 7*c - 17*c. Suppose -9 = -2*v + 5*v, c*v = -5*b + x. What is the hundreds digit of b?
1
Suppose -4*q + o = 3, -3*q = q - 4*o. What is the tens digit of (2 - 5)/(q - (-383)/386)?
8
Let s(n) be the second derivative of 7*n**3/2 + 275*n**2/2 + 79*n. What is the tens digit of s(18)?
5
Let i be 9/36 + 4/((-16)/41). Let y(o) = 2*o**3 + 25*o**2 - 2*o - 37. What is the units digit of y(i)?
3
Let z be ((-117)/(-52))/(6/8). Let d(m) = 38*m**3 + 2*m**2 - 9*m - 3. What is the hundreds digit of d(z)?
0
Suppose 12 = 3*i + 6. Suppose 3*b + 7 = i*v, 0 = -v - 0*b + 4*b - 9. Let f = 25 + v. What is the units digit of f?
6
Let q be ((-5)/2 + 4)/((-3)/(-4)). Suppose 4*m + 5*v = -14, -3 + 1 = q*m + 5*v. Let j(i) = -27*i + 11. What is the units digit of j(m)?
3
Let v(r) = 35*r**2 + 44*r - 220. What is the thousands digit of v(7)?
1
Let r(i) = -288*i - 28. Let v(m) = 96*m + 9. Let z(f) = -2*r(f) - 7*v(f). What is the units digit of z(-4)?
7
Let q(k) = -k**3 - 7*k**2 + 11*k - 8. Let t be q(-9). Let r = -61 + t. What is the units digit of 1*99 + (-6)/(-4 - r)?
6
Let y = 508 + -912. Let m be (-2)/(-12) - 2306/12. Let f = m - y. What is the hundreds digit of f?
2
Suppose 5 + 4 = 3*g, i - 2*g + 12 = 0. Let t(m) = -41*m + 44. Let y(h) = 14*h - 15. Let w(c) = i*t(c) - 17*y(c). What is the units digit of w(7)?
7
Suppose -n = -752 - 381. Let h = 2072 - n. What is the tens digit of h?
3
Let j(o) = 25 + 7*o + 11*o - 11*o - 54*o**2 + 57*o**2 + 13*o. What is the tens digit of j(8)?
7
Suppose 0 = -2*g + 3*b - 0*b - 1002, 5*g + 2*b + 2524 = 0. Let f = -337 - g. Suppose 0 = 4*r - 149 - f. What is the tens digit of r?
7
Let g(y) = y**3 - 7*y**2 + 11*y - 19. Let u be g(-8). Let j = 1948 + u. What is the tens digit of j?
8
Let g(x) be the third derivative of x**6/120 + x**5/12 - x**4/8 - x**3/6 + x**2. Let d(h) = 25*h + 229. Let n be d(-9). What is the units digit of g(n)?
1
Suppose 4*q - 73 = 3*h + 2*h, 72 = 3*q + 2*h. Suppose -31*a - 79 = -203. What is the tens digit of 3/a*4 + q?
2
Let v(i) = i - 14. Let n be v(12). Let z be (-2)/(-3)*n/(6/9). What is the tens digit of (z + 0 - 62)*4/(-8)?
3
Suppose 4*n + 20 = 5*x + 5*n, -5*x - 4*n + 35 = 0. Suppose -x*v = -4*v + 5*k + 25, -v = -2*k - 16. Suppose 0 = -v*q + 944 - 124. What is the units digit of q?
2
Let p(c) = -3*c + 12. Let n be p(5). Let i(w) = 4*w**2 + 9*w + 3. Let h be i(n). Suppose 0 = -0*b - h*b + 1188. What is the tens digit of b?
9
Let j(n) = n**3 + 9*n**2 - 48*n - 22. Let l be j(-12). Let f(p) = 60*p**2 - 3*p + 3. Let a be f(2). Let d = a - l. What is the hundreds digit of d?
1
Let b = -256 - -285. Suppose 24*x = b*x - 5675. What is the units digit of x?
5
Let l = 33 + -31. Suppose -l*n + 20 = 4*d + 2*n, 3*d - n = 15. Suppose d*v - 269 - 141 = 0. What is the units digit of v?
2
Suppose 5*y - 25230 = -2*h, 3*h = 1774*y - 1779*y + 25225. What is the units digit of y?
8
Let a(u) = 32*u + 50*u + 50*u - 34*u - 384 + 23*u. What is the tens digit of a(7)?
6
What is the hundreds digit of (-56)/112*6316*(-33)/2?
1
Let s(n) = n**3 + 35*n**2 + 26*n - 24. Let w be s(-33). Let t = w + -755. What is the units digit of t?
1
Let w(j) = -j - 4. Let t be w(2). What is the tens digit of ((-2)/(-2))/(t/(-390))?
6
Suppose 16709 = 7*a + 24*a. Suppose -a = -58*h + 2651. What is the units digit of h?
5
Let h = 1147 + 298. What is the units digit of h?
5
Let h(d) = 33*d - 103. Let p = 260 - 253. What is the hundreds digit of h(p)?
1
Let u(g) = -399*g**3 - 7*g**2 + 6*g + 10. What is the tens digit of u(-2)?
6
Let l(a) = 4*a - 5*a + 0*a + 0*a - 18. Let n be l(-23). Suppose 2*q - 76 = -i + 34, 2*q - 86 = n*i. What is the units digit of q?
3
Suppose -2*q = -5*p + 4*p - 18090, 4*q + 5*p = 36236. What is the units digit of q?
9
Let y(v) = -v**3 + 13*v**2 + 21*v + 1. Let l be y(-6). Suppose -19*m = -1170 - l. What is the hundreds digit of 2/12 + m*(-33)/(-18)?
1
Let f(i) = i**2 + 0 + 8 - 2 + 2. Suppose 15*h = -16 - 44. What is the tens digit of f(h)?
2
Suppose 20 = -5*k, 172*x - 69338 = 169*x + 2*k. What is the hundreds digit of x?
1
Let i(d) = 5*d**2 - 4 - d**3 + 4 + 3 + 3*d - 18. Let t be i(7). Let n = 163 + t. What is the units digit of n?
1
Let h(a) = -1633*a + 937. What is the tens digit of h(-11)?
0
Let t(f) = 123*f**2 + 17*f - 439. What is the hundreds digit of t(13)?
5
Suppose 0 = 2*u - x - 102912 - 9989, 4*u + x - 225781 = 0. What is the hundreds digit of u?
4
Let n(z) = z**2 + z - 1. Let v be -3 - 129/(-6) - (-2)/4. What is the units digit of n(v)?
9
Let c = 37904 + -15584. What is the thousands digit of c?
2
Suppose -8*t = -4*t - 12. Suppose -t*v - 7*z = -4*z - 9, -2*z = -v + 6. Let m(s) = 12*s + 10. What is the tens digit of m(v)?
5
Suppose 0 = 3*o - 5*h - 14 - 0, 5*h + 17 = 4*o. Suppose 5*s = -4*c + 5005, 13*s - 9*s + o*c - 4003 = 0. What is the hundreds digit of s?
9
Let b = 1085 + -1734. Let u = -368 - b. What is the units digit of u?
1
Let b(u) be the first derivative of u**5/15 + u**4/12 + u**3/6 - 25*u**2/2 - 47. Let w(y) be the second derivative of b(y). What is the units digit of w(-7)?
3
Let t(k) = k**3 - 21*k**2 - 21*k - 15. Let z(d) = 7*d**2 - 2*d - 2. Let j be z(2). Let c be t(j). Suppose 434 = -c*p + 14*p. What is the tens digit of p?
6
Suppose 712*a + 118188 = 715*a. What is the thousands digit of a?
9
Let h(f) = 1507*f - 50. Let k be h(-2). What is the hundreds digit of k/(-26) + (-52)/(-338)?
1
Suppose -10*m = -882 + 302. Suppose 4*g = -3*p + 695, m = g - p - 121. What is the units digit of g?
6
Let x(a) = -2*a - 3. Let c be x(12). Let t = c - -29. Suppose w - 6*w + t*m + 308 = 0, -3*m = -3*w + 183. What is the tens digit of w?
6
Suppose -d - 2*o - 700 + 6354 = 0, 0 = -7*d - 2*o + 39578. What is the hundreds digit of d?
6
Suppose 0 = 79*k - 84*k + z + 282604, -6*k = -3*z - 339123. What is the thousands digit of k?
6
Suppose -2*q + 5*d + 2 = d, 0 = 2*q - 5*d. Let z(f) = f**3 - 5*f**2 + 2*f - 7. Let k be z(q). Let h(l) = l**3 + 7. What is the tens digit of h(k)?
3
Let q = -34 + 6751. What is the thousands digit of q?
6
Let j = -1115 + 496. Let u = 948 + j. What is the tens digit of u?
2
Let p be 1 - (-3 + (-4 - -1)). Let n(t) = t**3 - 8*t**2 + 5*t + 8. Let k be n(p). What is the units digit of (-4)/((18/39)/k)?
2
Let i(s) = -9*s - 5. Let u be i(-4). Suppose -16*d = 193 + u. What is the units digit of d/(-84) - 2194/(-12)?
3
Let g be 21784/10 - (-9)/((-45)/2). Suppose -u + 0*x + 4*x + 418 = 0, 2*x - g = -5*u. What is the hundreds digit of u?
4
Let s(t) = -t. Let d(y) = -3*y + 6. Let x(b) = -d(b) + 4*s(b). Let k be x(-6). Suppose 0 = -4*l, k*g - 4*g - 4*l = -548. What is the hundreds digit of g?
1
Suppose 5*h - 25*h = -180. Let z(p) = 53*p - 178. What is the hundreds digit of z(h)?
2
Suppose -23*v + 157 = 42. Suppose 2*h + 5 = v*k - 34, 4*h - 21 = -k. What is the units digit of k?
9
Let y be 9/(-21) - 264/(-28). Let m(l) = l**2 + 3*l + 10. What is the tens digit of m(y)?
1
Suppose -3*i + 80382 = 2*w, 2*w - 80358 = -15*i + 16*i. What is the ten thousands digit of w?
4
Let y(h) = 116*h - 1919. Let b(x) = -39*x + 639. Let p(n) = 7*b(n) + 2*y(n). What is the units digit of p(0)?
5
Let p = 44 - 41. Let j = 4 + p. Suppose -3*z - 812 = 2*a - j*a, -5*z = -5. What is the units digit of a?
3
Let a(x) be the first derivative of -2*x + 1/2*x**2 + 6 + 5*x**3. What is the units digit of a(2)?
0
Suppose -10*d